*n**2 + 20*n. Give j(-36).
-6
Let h(j) = -720*j**3 + 19*j - 642*j**3 - 19*j**2 + 1363*j**3 - 42. Give h(18).
-24
Let v(z) be the second derivative of -z**4/12 - z**3/3 + 6*z**2 + 38*z - 2. Give v(-6).
-12
Let a(x) = -18*x - 22. Let l(h) = -5*h - 4. Let d(u) = 3*a(u) - 14*l(u). What is d(1)?
6
Let t(n) = 4*n - 54. Let b = 16241 + -16234. Give t(b).
-26
Let w(t) = 2 - 91*t - 3140*t**3 + 88*t + 3139*t**3 - 13*t**2. Give w(-13).
41
Let k(x) = -5*x + 4. Let f(r) = 246*r + 1229. Let d be f(-5). Calculate k(d).
9
Let q(s) be the third derivative of s**5/30 + 5*s**4/24 - 2*s**3/3 - 162*s**2. Suppose 5*x - 27 - 13 = 0. Suppose -5*d - x = -3*d. Calculate q(d).
8
Let f(g) = -g**2 - 5*g - 2. Suppose s + 3*u + 66 = 0, 330 = -5*s + 2*u - 5*u. Let i be (231/s)/((-1)/(-2)). Calculate f(i).
-16
Let u(a) = 3 + 2 - 18*a**2 - 539*a + 1231*a + 26*a**2 - 604*a. Calculate u(-11).
5
Let v(b) = -2*b - 12. Let m(p) = 2. Let q(f) = -4*m(f) - v(f). Suppose 0 = -4*j - 33 - 63. Let g = j - -21. Give q(g).
-2
Let l(w) = -3*w + 4. Let q(n) = -n + 1. Let x(o) = -3*l(o) + 12*q(o). Let z be x(-11). Let c = z + -29. Let k(t) = t + 5. Determine k(c).
9
Suppose -2*f - 1 = -45. Let b(z) = -z**3 + 22*z**2 - z - 25. What is b(f)?
-47
Let v(q) be the first derivative of -8*q**3/3 - 53*q**2/2 - 12*q - 4711. What is v(-7)?
-33
Let o(c) = 3*c**2 - 27*c + 6. Let l be o(9). Suppose -l*b + 0*b = -12. Let s(a) = 2*a**3 - 4*a**2 + 4*a - 3. Give s(b).
5
Let f(m) = -2*m**3 + 11*m**2 - 11. Let b = -978 + 983. What is f(b)?
14
Let m = -45 - -41. Let a(z) be the second derivative of -z**5/20 - z**4/3 - z**3/3 + 2*z**2 - 2*z + 8. What is a(m)?
12
Let p(b) = -12455 - 12434 + 24903 - 8*b. Calculate p(0).
14
Let r = -1162 - -1158. Let w(k) = -k**2 - 1 + 0 - 4 + 4 - 4*k. Determine w(r).
-1
Let i(w) = 14*w**3 + 8*w**2 + 41*w + 29. Let t(h) = -11*h**3 - 9*h**2 - 36*h - 30. Let v(k) = -4*i(k) - 5*t(k). Determine v(14).
62
Let r be (-1)/((-4)/(1620 + -4)). Let s(h) = -r + 404 - 24*h. Let x be 2/2 + 0/9. What is s(x)?
-24
Let p(m) = -m**3 - 5*m**2 + 2*m + 2. Let x(l) = 10*l**2 - 693*l + 201. Let c be x(69). What is p(c)?
26
Let d be 2078/10 - 1 - (-15)/75. Let n(z) = -3 + 213*z + 0 + d*z - 416*z + z**2. Give n(-4).
-3
Let r(s) = -5*s**2 - 10*s + 9. Let p(j) = -5*j**2 - 8*j + 7. Let m = -120 + 115. Let w(k) = m*p(k) + 4*r(k). What is w(2)?
21
Let m(q) = 37*q**3 - 28*q**2 + 26*q + 19. Let h(a) = 204*a**3 - 141*a**2 + 129*a + 96. Let i(b) = 2*h(b) - 11*m(b). Determine i(-27).
10
Let h(g) be the third derivative of g**6/120 + g**5/15 + g**4/6 + g**3/3 + g**2. Suppose 0 = 2*z - 2*f, -z - z - 9 = f. Calculate h(z).
-1
Let z(b) = b + 39 + b**3 - 82 - b + 49 + 3*b**2. What is z(-4)?
-10
Let v(k) = -2*k**3 - 40*k**2 - 50*k - 277. Let s be v(-19). Let i(d) = -d**2 - 40*d + 436. Determine i(s).
-5
Suppose 19 = 2*a + 4*k + 31, -2*k + 18 = -3*a. Let h be (1 - -1) + 2 - 0. Let g(t) = 1 + 4*t - h + t**2 - 5 + 2. Determine g(a).
6
Suppose -4*r = -0*r, -5*r - 1665 = -5*c. Suppose 323 - c = -m. Let n(x) = -x**3 + 10*x**2 - 8. What is n(m)?
-8
Let w(y) = -5 + 6 - 1 + 1. Let r(v) = -12*v - 17. Let t(d) = 5*d + 9. Let n(a) = -4*r(a) - 7*t(a). Let i(f) = n(f) - 6*w(f). What is i(-1)?
-14
Let n(s) be the second derivative of 3*s - 2/3*s**3 - s**2 - 8. What is n(5)?
-22
Let i(u) be the first derivative of -3*u**2 - u + 45 + 1/3*u**3. Determine i(6).
-1
Let f be ((-1)/3)/((-2)/24). Let q(o) = 0 + 2*o + 0*o - 1 + f. Let c be (-8 + 9)/(2/(24/(-4))). What is q(c)?
-3
Let u(h) = 3*h**2 - h - 1. Let y(t) = t. Let n be (0 + -3 + 5/2)*10. Let c be (n/(-10))/(2/(-8)). Let k(o) = c*y(o) + u(o). Calculate k(3).
17
Let g be (3 + 24/(-9))/(1/(-3)). Let r(f) = 33*f**3 + 5*f**2 + 4. Let l(z) = z**3 + z**2 + 1. Let u(y) = g*r(y) + 4*l(y). Determine u(1).
-30
Let p(b) = -b - 6 + 1 + 10 + 11. Let y be p(14). Let z(c) = c**2 - 2*c - 3. Let x be z(y). Let d(k) = k**2 - 4*k - 4. Calculate d(x).
17
Let h = -104 + 24. Let x = -54 - h. Let a = x + -21. Let n(j) = j**2 - 6*j + 1. Calculate n(a).
-4
Let w be (191/6 - -3) + (-5)/(-30). Suppose 3*k - 4*o = -2*o + 16, 5*k - 5*o - w = 0. Let s(x) = -x - 6*x**2 - x**3 + k - 3*x - 10*x**2 + 10*x**2. Give s(-5).
-3
Let b(w) = w**2 + 2*w - 33. Let z(o) = o + 13. Let y(h) = -b(h) - 2*z(h). What is y(-6)?
-5
Suppose 4*y - 12 = -2*f - 0, 0 = y - f - 12. Let m(d) = 3*d**2 - 6*d - 2. Let x(z) = -4*z**2 + 6*z + 1. Let j(g) = 3*m(g) + 2*x(g). Calculate j(y).
-4
Let h(z) = z + 259*z**2 + 115*z**2 + 108*z**2 + 1 + 5 + 110*z**2 - 588*z**2 - z**3. Let n(s) = s**3 - 2*s**2 - s - 1. Let t be n(3). Calculate h(t).
-14
Let t be 12/54 - (-48)/27. Let l(v) = -113*v + 117*v + 5 - 11 + 2*v**2. What is l(t)?
10
Let i(b) = -2*b - 7. Let h(c) = c**2 + 26*c + 58. Let t be h(-23). Give i(t).
15
Let g(f) = f**3 - f**2 - 9*f - 4. Let b(k) = -2*k**3 + 3*k**2 + 22*k + 10. Suppose -41 - 134 = 35*p. Let c(r) = p*g(r) - 2*b(r). Let d = -1 - 2. Determine c(d).
15
Let z(i) be the second derivative of -i**4/12 - i**3/6 + 5*i**2/2 + 395*i. What is z(5)?
-25
Let y(v) = v**3 - 8*v**2 + 16*v - 11. Let b be 7/2 + 225/450. Calculate y(b).
-11
Let p = 24 - 9. Let g be (-28)/6*p/10. Let n(z) = 6*z**2 + 9*z**2 + 1 + 7*z**2 + z + z**3 - 15*z**2. What is n(g)?
-6
Suppose -25 = 4*f - f - 5*j, 29 = -5*f + 2*j. Let b(u) = 459 - 231 - 226. Let y(o) = -o - 4. Let q(w) = f*b(w) - 2*y(w). Calculate q(3).
4
Let s(o) be the third derivative of -o**4/6 + 29*o**3/6 + 37*o**2 - 32. What is s(5)?
9
Let g(r) = r**3 + 4*r**2 - 2*r - 3. Let f(m) = -4*m**3 + 5*m**2 + 26*m - 11. Let z(b) = f(b) + 3*g(b). What is z(18)?
16
Let r(t) = -39*t + 1. Let y(q) = 245*q + 48. Let a(j) = 6*r(j) + y(j). Determine a(-6).
-12
Let a(f) = 2*f**2 - 1. Suppose 14 = -s - 4*p, 5*p = 2*s + 21 - 6. Let b be 1 - (-75)/s*(-6)/(-9). Calculate a(b).
31
Let g be (-8 + (15 - (-10)/5))*(-4)/12. Let v(r) = -r**3 - r**2 + 3*r - 8. Give v(g).
1
Let y(n) = -n + 2. Let u(h) = 27. Let f(i) = -u(i) + 4*y(i). Determine f(-7).
9
Let l(w) = 369*w - 175*w + 88 - 232*w. What is l(2)?
12
Let u(z) = -3*z**3 + 5*z**2 + 5*z + 5. Let w(p) = 4*p**3 - 6*p**2 - 5*p - 6. Let j(g) = 3*u(g) + 2*w(g). Suppose 15*t = 91 - 31. What is j(t)?
7
Let m(f) = 8*f - 9. Let y(u) = 21*u - 27. Let i(w) = -8*m(w) + 3*y(w). Calculate i(0).
-9
Let q(b) = -b**2 + 8*b + 9. Let j(l) = 4*l**2 + 29*l + 53. Let y be j(-13). Let n be y/48 + (-4)/(-6). What is q(n)?
9
Let d(s) = -s**3 + 7*s**2 + 30*s - 113. Let y be d(9). Let v(x) = 7*x + 28. What is v(y)?
-7
Suppose 214*w - 147 = 235*w. Let f(g) = -g**3 - 6*g**2 - g. What is f(w)?
56
Let l(u) = -2*u + 48 - 48 + u**2. Let f be -6*(-8)/12*(-5)/10. Determine l(f).
8
Suppose -61 = -3*w + 2*i - 30, 0 = -5*i + 5. Suppose -4*k + 12 = -w*u + 15*u, -3*k + 15 = 0. Let l(f) = 6*f + 5. What is l(u)?
-7
Let c(i) = i**2 + 184*i - 1138. Let k be c(6). Let h(v) = -v. Let y(q) = 6*q. Let j(x) = 12*h(x) - 2*y(x). Calculate j(k).
-48
Let d(q) = -q**3 + 5*q**2 + 15*q - 5. Let x be d(7). Let h(n) = 2*n**x - n**2 + 43*n - 34*n - 2. What is h(-6)?
-20
Let v(k) be the third derivative of -k**6/120 + 4*k**5/15 - 7*k**4/24 + 7*k**3/6 + 16*k**2 + 7*k. Give v(16).
-105
Let f(i) = -i**3 - 3*i**2 - 8*i - 9. Let o be f(-2). Let y(j) = 5 - 5*j - 6*j**2 + 8*j**2 - o*j**2 - 1. Give y(-6).
-2
Let s(p) = 2*p**2 - 2*p - 1. Suppose d - 23 = -3*o, -4*o + 19 = -5*d + 4*d. Calculate s(o).
59
Let o = -1178 - -1214. Let a(m) = m**2 - 37*m + 43. Calculate a(o).
7
Let c(d) = d**2 + 15*d + 10. Let y be (813/(-4) - 1/4)*-2. Let l = y - 421. Determine c(l).
-4
Let d = -481 - -487. Let v(g) = 9*g - 5*g + 4*g - d - g**2. What is v(7)?
1
Let c = -5 - -9. Let j be 3/3*(0 + c). Let v(r) be the third derivative of -r**5/60 + r**4/8 - r**3/3 + 2*r**2 - 4*r + 534. Calculate v(j).
-6
Let s(t) be the third derivative of 30 - t**2 - 1/24*t**4 - 13/3*t**3 + 0*t**5 + 0*t - 1/120*t**6. Give s(0).
-26
Let m(s) = 236*s + 85 - 630*s + 399*s. Determine m(-18).
-5
Suppose -11 = x + 24. Let v = 38 + x. Let l(o) = 7*o - 39*o**2 - 3 - v*o + 37*o**2. Give l(3).
-9
Suppose 95 = 5*s - 5. Let n(g) = -5*g - 53. Let r be n(-11). Let u(w) = w**3 - s + 24 - 11*w**2 + 5*w**r. Determine u(6).
4
Let k(s) = -48*s + 843. Let t(i) = -12*i + 209. Let b(g) = -2*k(g) + 9*t(g). Determine b(16).
3
Let t(l) = 3*l**3 - 7*l + 3 - 2*l**3 + 3*l. Suppose -q - 97*s = -101*s + 18, 0 = q + 